. Determine u(13).
406
Let p(v) = 1350*v - 8234. Determine p(7).
1216
Let y(z) = 2*z**2 + 902*z + 92685. What is y(-294)?
369
Let y(i) = -i**3 - 123*i**2 + 1337*i + 946. Give y(-133).
15
Let i(n) = n**3 + 37*n**2 + 209*n + 9451. Determine i(-38).
65
Let r(s) = 18*s**3 - 156*s**2 + 53*s - 896. Determine r(9).
67
Let k(c) = c**3 + 710*c**2 - 16891*c - 23439. Determine k(-733).
17
Let n(b) = b**3 + 141*b**2 + 3249*b + 123. Give n(-112).
11
Let n(h) = -112*h**3 - 4*h**2 - 30*h - 75. Calculate n(-3).
3003
Let r(j) = 1051*j - 8759. Give r(8).
-351
Let o(r) = 660482*r + 3962846. Calculate o(-6).
-46
Let j(g) = 19*g - 418. Give j(18).
-76
Let i(b) = -15541*b + 93234. Calculate i(6).
-12
Let l(i) = 16533*i + 33403. Give l(-2).
337
Let q(h) = -7*h**3 + 57118*h**2 - 114208*h - 3. Calculate q(2).
-3
Let q(x) = 78*x**2 - 152*x - 279. Give q(-2).
337
Let s(t) = 2318*t - 83410. Calculate s(36).
38
Let f(d) = 13*d**3 + 173*d**2 + 191*d - 121. What is f(-12)?
35
Let o(x) = -x**3 - 46*x**2 - 583*x - 1515. What is o(-18)?
-93
Let b(s) = -1652*s - 14676. Give b(-9).
192
Let d(h) = 4*h**2 - 13083*h + 104611. Give d(8).
203
Let g(w) = -791*w - 9028. Determine g(-15).
2837
Let p(h) = h**2 + 23*h - 10255. What is p(91)?
119
Let i(y) = -3*y**3 - 142*y**2 - 85*y - 1801. Calculate i(-47).
-15
Let q(w) = 61*w**2 + 5440*w + 35089. What is q(-7)?
-2
Let w(r) = -r**3 - 20*r**2 + 168*r + 2361. Give w(-23).
84
Let i(n) = -287*n - 9952. Determine i(-41).
1815
Let y(c) = -818*c - 7556. Determine y(-10).
624
Let r(i) = 276*i**2 - 11312*i - 126. Determine r(41).
38
Let n(c) = 2*c**3 - 1055*c**2 - 10202*c - 519. Give n(537).
18
Let n(f) = 17*f**2 + 419*f - 68522. Calculate n(-77).
8
Let z(q) = -2*q**3 + 63*q**2 - q + 2609. Determine z(0).
2609
Let u(j) = j**3 - 95*j**2 - 323*j + 40. What is u(98)?
-2802
Let h(n) = 72027*n - 1224404. Determine h(17).
55
Let o(d) = 5*d**2 + 120*d - 1791. Give o(10).
-91
Let c(l) = 9298*l + 37202. Give c(-4).
10
Let p(f) = -1359*f - 13026. Calculate p(-8).
-2154
Let g(f) = 6809*f + 1981415. Give g(-291).
-4
Let t(d) = -d**3 + 131*d**2 - 2399*d - 25. Determine t(22).
-47
Let h(z) = z**2 - 290*z - 14941. Give h(-45).
134
Let f(s) = -131*s**3 - 658*s**2 + 619*s + 3173. Give f(-5).
3
Let p(c) = 1264*c**2 - 241410*c - 2670. What is p(191)?
4
Let a(d) = -6*d**3 - 16*d**2 + 50*d + 60. What is a(7)?
-2432
Let w(l) = 2*l**3 - 8*l**2 + 80*l - 590. Give w(9).
940
Let y(l) = -1329*l + 998. Determine y(1).
-331
Let v(l) = -2*l**3 + 24*l**2 + 865*l - 8280. What is v(9)?
-9
Let q(y) = 2289*y - 262884. Give q(115).
351
Let h(s) = 2*s**2 + 3265*s - 147569. Determine h(44).
-37
Let c(q) = -q**3 - 35*q**2 + 74*q - 159. Give c(-38).
1361
Let b(w) = -106*w**2 + 1125*w + 1781. Calculate b(12).
17
Let d(p) = 3*p**3 - 8*p**2 - 6*p + 176. Give d(-6).
-724
Let f(g) = 411*g**3 + g**2 + 207*g + 204. Calculate f(-1).
-413
Let k(n) = -3*n**3 - 72*n**2 + 159*n + 60. Give k(-26).
-18
Let p(y) = -2680*y - 5374. What is p(-2)?
-14
Let y(h) = 3578*h + 22967. Determine y(-7).
-2079
Let a(o) = 2010*o + 1807004. What is a(-899)?
14
Let l(x) = -25688*x - 153702. Calculate l(-6).
426
Let t(f) = f**3 - 68*f**2 + 278*f - 5227. Give t(65).
168
Let q(l) = -3407*l - 13570. Give q(-4).
58
Let i(a) = 5*a**3 + 61*a**2 - 398*a + 149. Determine i(-17).
-21
Let r(f) = 9*f**3 - 1997*f**2 + 17044*f - 867. Give r(213).
-15
Let t(w) = -22*w**2 + 5034*w - 3751. Determine t(228).
353
Let l(k) = -k**2 + 1419*k - 206911. Give l(165).
-1
Let s(w) = w**2 + 43*w + 97. Give s(-28).
-323
Let z(v) = 277*v + 4369. Determine z(-10).
1599
Let s(m) = m**3 - 433*m**2 + 12092*m - 807. Give s(403).
-1
Let l(b) = 24452*b - 513321. Determine l(21).
171
Let k(q) = -4*q**3 - 1453*q**2 + 6980*q - 4397. Give k(-368).
19
Let h(x) = x**3 + 22*x**2 - 1108*x - 180. Calculate h(-46).
4
Let q(k) = 31*k**2 + 696*k - 445. Determine q(-23).
-54
Let s(o) = -o**2 + 436*o - 18632. Determine s(48).
-8
Let o(m) = -6*m**3 + 8*m**2 - 8640*m + 17282. Give o(2).
-14
Let j(h) = 140*h + 1387. Give j(-8).
267
Let b(l) = -111*l + 927. Calculate b(-7).
1704
Let o(b) = -24086*b + 722559. Give o(30).
-21
Let l(g) = 444*g**2 - 882*g + 8. Give l(2).
20
Let a(p) = -10543*p + 442764. Give a(42).
-42
Let v(q) = -59*q**3 + 20710*q**2 - 350*q - 276. Give v(351).
75
Let h(r) = -2*r**3 + 117*r**2 + 2126*r - 534. Determine h(73).
123
Let y(j) = 4*j**3 - 10*j**2 + 569*j - 1712. Give y(3).
13
Let i(h) = h**2 - 283*h + 20185. What is i(134)?
219
Let r(c) = 4222*c - 591099. Determine r(140).
-19
Let b(f) = -2*f**3 - 240*f**2 - 8*f - 1029. What is b(-120)?
-69
Let x(k) = -2*k**3 + 18*k**2 + 4279*k - 46. Give x(-42).
164
Let f(z) = -2*z**3 + 1141*z**2 - 123392*z - 441. Give f(145).
-6
Let q(v) = -2*v**3 + 44*v**2 - v + 53. Determine q(22).
31
Let v(r) = r**3 + 24*r**2 + 423*r + 38. Calculate v(-15).
-4282
Let q(z) = 3*z**3 - 134*z**2 + 1152*z + 186. What is q(33)?
87
Let x(y) = -2371*y + 22402. Calculate x(10).
-1308
Let k(b) = 45*b**2 + 14889*b - 1911. Determine k(-331).
75
Let f(p) = 16*p**3 - 2*p**2 + 27*p + 5. Calculate f(-3).
-526
Let r(n) = -n**2 + 565*n + 168688. Determine r(-216).
-8
Let r(k) = -2*k**2 + 5252*k - 140361. Give r(27).
-15
Let l(h) = 153*h**2 - 3538*h + 354. Give l(23).
-83
Let x(a) = 2475*a + 128706. Give x(-52).
6
Let g(c) = -534*c - 27683. What is g(-53)?
619
Let h(f) = -4706*f - 13930. What is h(-3)?
188
Let w(l) = 8*l**2 + 601*l - 17909. What is w(-98)?
25
Let i(o) = -13038*o**2 + 117303*o + 387. Calculate i(9).
36
Let o(q) = 80264*q + 32426651. Determine o(-404).
-5
Let q(j) = -j**3 - 72*j**2 + 127*j + 9140. Calculate q(-72).
-4
Let t(o) = -8353*o + 542936. Calculate t(65).
-9
Let i(w) = -2*w**2 - 305*w - 1759. Determine i(-6).
-1
Let t(i) = 2305*i - 64194. What is t(28)?
346
Let x(y) = -y**2 - 27534*y - 302740. Determine x(-11).
13
Let c(k) = k**2 + 3052*k + 323694. Give c(-110).
74
Let t(a) = 82*a + 7457. Give t(-98).
-579
Let t(u) = u**3 + 263*u**2 - 415*u - 39869. Determine t(-264).
-5
Let v(y) = -6*y**3 + 29*y**2 - 12*y - 46. Determine v(7).
-767
Let n(o) = 8*o**3 - 28*o**2 - 54*o. Calculate n(-2).
-68
Let i(u) = 1019*u + 20378. What is i(-20)?
-2
Let q(d) = 399*d - 26333. What is q(66)?
1
Let m(p) = p**3 - 40*p**2 - 458*p - 56164. Give m(62).
8
Let i(g) = 91*g + 3565. Calculate i(-35).
380
Let v(m) = m**3 + 989*m**2 - 27454*m + 588. Calculate v(27).
-6
Let t(o) = -7355*o - 58837. Give t(-8).
3
Let b(p) = -88*p - 11379. Determine b(-123).
-555
Let y(b) = 7571*b - 68034. What is y(9)?
105
Let z(d) = d**2 + 24408*d - 268640. Give z(11).
-31
Let x(f) = -12*f**2 + 4931*f - 145530. Determine x(32).
-26
Let t(l) = 247*l**2 + 1979*l - 29. What is t(-8)?
-53
Let y(p) = 949*p + 59651. Give y(-63).
-136
Let b(i) = i**3 - 10*i**2 + 232*i - 2014. What is b(9)?
-7
Let k(p) = 2885*p - 421226. Determine k(146).
-16
Let i(a) = 1130*a**2 - 424880*a - 44. Determine i(376).
-44
Let l(d) = 61*d**2 + 2495*d + 2492. Calculate l(-1).
58
Let f(o) = o**3 - 1559*o**2 - 21052*o + 968348. What is f(1572)?
-4
Let u(p) = -494*p - 129698. What is u(-263)?
224
Let h(k) = 1164*k**2 - 55857*k - 710. What is h(48)?
10
Let z(o) = 2*o**2 - 1342*o - 154141. Give z(-100).
59
Let f(p) = -3*p**2 + 193*p - 2303. Determine f(14).
-189
Let x(g) = 192297*g - 3076751. Give x(16).
1
Let f(z) = 328*z**2 + 3283*z + 23. Calculate f(-10).
-7
Let y(k) = -32*k**2 - 3812*k + 19357. Give y(-124).
13
Let v(c) = 10*c**2 + 10359*c + 1599989. Give v(-847).
6
Let j(z) = -3*z**3 - 23*z**2 + 252*z - 159. Give j(6).
-123
Let t(s) = -2136*s + 131666. Determine t(62).
-766
Let w(o) = o**2 - 7801*o + 31190. Give w(4).
2
Let t(i) = -84818*i + 254660. Determine t(3).
206
Let o(l) = 6000*l + 36115. Give o(-6).
115
Let o(s) = s**3 + 85*s**2 + 638*s - 19835. Give o(-24).
-11
Let t(q) = 30*q**2 + 175*q - 2227. Calculate t(-12).
-7
Let u(b) = -b**2 - 213*b + 33911. Determine u(111).
-2053
Let d(v) = 3*v**3 - 627*v**2 + 623*v + 240. What is d(208)?
32
Let l(p) = p**3 + 258*p**2 - 33747*p + 20134. Calculate l(95).
-6
Let w(x) = x**3 + 45*x**2 - 118*x + 3817. Determine w(-49).
-5
Let b(w) = -4*w**3 - 24*w**2 + 36*w + 154. Give b(-5).
-126
Let g(w) = -w**3 + 905*w**2 - 7149*w - 208. Give g(8).
8
Let s(u) = -2*u**3 - 950*u**2 + 620*u + 294495. Determine s(-475).
-5
Let d(x) = 1732*x**2 - 1717*x - 15. Give 